
39
Let m(v) = 3*v**3 + 76*v**2 + 21*v - 129. Give m(-25).
-29
Let o(w) = 24904*w + 74706. Determine o(-3).
-6
Let l(m) = -m**3 + 23*m**2 + 66*m - 377. Determine l(3).
1
Let b(a) = -a**2 + 9*a - 43. Calculate b(8).
-35
Let o(r) = 65*r + 413. Give o(-8).
-107
Let s(x) = -2*x**3 - 88*x**2 - 175*x - 254. Determine s(-42).
40
Let u(s) = -s**3 - 7*s**2 + 199*s + 14. Determine u(-18).
-4
Let o(l) = 2*l**2 - 365*l - 25271. Give o(236).
-19
Let n(l) = 104*l + 1670. What is n(-16)?
6
Let p(r) = 9*r**2 + 317*r + 911. What is p(-32)?
-17
Let y(z) = -11*z - 32. Give y(-2).
-10
Let l(q) = 9*q - 353. What is l(9)?
-272
Let j(o) = o**3 + 3*o**2 + 126*o + 660. Determine j(-5).
-20
Let j(s) = -17*s**3 - 483*s**2 + 809*s - 19. Give j(-30).
11
Let a(u) = -u**2 - 6*u + 138. Determine a(-17).
-49
Let n(f) = 5*f + 21. Calculate n(-10).
-29
Let v(b) = -47*b - 362. Determine v(-12).
202
Let o(v) = -11*v - 30. Calculate o(-3).
3
Let l(c) = -2*c**2 + 5637*c + 22525. What is l(-4)?
-55
Let a(d) = 196*d - 65. What is a(1)?
131
Let k(s) = -s**2 - 1874*s + 3745. Give k(2).
-7
Let z(w) = 86*w - 3608. What is z(42)?
4
Let c(k) = -38*k + 1258. What is c(37)?
-148
Let i(u) = 4*u**2 + 150*u - 397. Determine i(-40).
3
Let w(i) = -9*i + 131. Determine w(11).
32
Let c(g) = 60*g**2 + 47*g + 143. Calculate c(-3).
542
Let l(g) = -623*g + 113. Determine l(0).
113
Let c(p) = p**3 - 116*p**2 + 786*p - 2504. Calculate c(109).
3
Let v(y) = 58*y**2 - 806*y - 39. Give v(14).
45
Let j(k) = 7*k**3 - 207*k**2 - 125*k + 1055. What is j(30)?
5
Let a(g) = 3*g - 93. Calculate a(16).
-45
Let i(p) = 434*p**3 - 33*p**2 + 23*p + 9. Determine i(1).
433
Let b(t) = t**3 + 5*t**2 - t + 2. Give b(5).
247
Let g(n) = -n**2 - 2*n + 485. Determine g(-21).
86
Let z(x) = -4304*x + 47352. What is z(11)?
8
Let n(b) = -87*b - 2954. Determine n(-34).
4
Let b(v) = -2*v**3 - 14*v**2 + 27*v + 218. What is b(-9)?
299
Let v(t) = -14*t**2 - 15*t - 30. What is v(-2)?
-56
Let f(m) = m**3 - 68*m**2 + 6*m - 178. Calculate f(68).
230
Let v(i) = 91*i + 4923. Calculate v(-54).
9
Let v(o) = -o**3 - 3*o**2 + 19*o + 127. Determine v(-10).
637
Let x(m) = 6*m**3 - 115*m**2 + 30*m - 51. Calculate x(19).
158
Let q(s) = 7*s**2 - 118*s - 6. What is q(17)?
11
Let u(s) = -2*s**2 + 90*s - 469. Determine u(39).
-1
Let p(t) = 42*t**2 - 631*t + 7. Give p(15).
-8
Let w(r) = r**3 + r**2 - 7*r - 11. Determine w(-3).
-8
Let n(k) = -3*k**3 - k**2 + 3*k. Calculate n(0).
0
Let g(k) = 25*k**3 - 11*k**2 - 11*k. What is g(-1)?
-25
Let v(c) = -2*c**2 + 68*c - 6. Give v(34).
-6
Let t(v) = v**3 - 13*v**2 - 5*v - 38. Give t(12).
-242
Let d(t) = 6*t**3 - 28*t**2 + 29*t - 36. What is d(4)?
16
Let a(t) = -t**2 + 152*t + 4. What is a(0)?
4
Let x(j) = 4*j**3 + 381*j**2 + 97*j + 195. Give x(-95).
5
Let t(g) = -2*g**3 - 76*g**2 - 75*g + 131. Give t(-37).
168
Let j(q) = 33*q**2 + 191*q - 40. Determine j(-6).
2
Let k(o) = -231*o + 3918. What is k(17)?
-9
Let q(w) = 3935*w - 23609. Determine q(6).
1
Let f(n) = -n**2 - 159*n - 5122. Calculate f(-45).
8
Let t(y) = -3*y**3 - 36*y**2 + 33*y + 1. Give t(-13).
79
Let t(j) = -389*j - 37359. Determine t(-96).
-15
Let i(n) = 4*n**2 - 45*n + 37. Determine i(1).
-4
Let r(k) = -528*k - 494. Give r(-1).
34
Let l(g) = g**2 - 261*g + 7136. What is l(31)?
6
Let m(d) = -96*d**2 - 953*d + 69. What is m(-10)?
-1
Let m(n) = 706*n + 1420. Give m(-2).
8
Let z(n) = -239*n**2 + 718*n - 12. What is z(3)?
-9
Let n(o) = -o**3 + 4*o**2 + 80*o - 118. Determine n(10).
82
Let g(a) = -a**2 - 20*a + 15. What is g(-20)?
15
Let z(x) = 10*x - 392. What is z(0)?
-392
Let i(a) = 11*a**2 + 175*a - 8. Give i(-16).
8
Let h(o) = -3*o**2 - 281*o + 2888. Give h(-103).
4
Let s(u) = -3*u**3 - 43*u**2 - 84*u - 414. Determine s(-13).
2
Let d(p) = 5*p**3 - p**2 - 3*p + 19. Give d(3).
136
Let v(t) = -t**3 + 20*t**2 - 7*t - 240. Calculate v(19).
-12
Let y(k) = 11*k + 505. What is y(-25)?
230
Let r(h) = -4*h**2 + 6*h - 26. Give r(6).
-134
Let u(i) = -28*i**2 + 112*i + 112. Give u(-1).
-28
Let o(i) = 10*i + 52. Give o(-4).
12
Let i(x) = 23*x - 318. What is i(13)?
-19
Let a(f) = -2*f**2 - 170*f - 3386. Determine a(-32).
6
Let r(i) = 2*i**3 + 277*i**2 + 419*i + 1054. Determine r(-137).
-42
Let y(p) = -p**3 - 9*p**2 - 10*p + 4. What is y(-2)?
-4
Let f(w) = 137*w**3 + 5*w + 6. Determine f(-1).
-136
Let k(p) = -p**3 + 27*p**2 + 49*p - 613. Determine k(27).
710
Let f(v) = -v**3 + 14*v**2 - 2*v - 23. What is f(0)?
-23
Let s(f) = -44*f**2 + 273*f + 249. What is s(7)?
4
Let k(w) = w**3 - 63*w**2 + 148*w - 9321. Determine k(63).
3
Let b(r) = 2*r**3 + 42*r**2 + 3*r + 65. Determine b(-21).
2
Let a(y) = -y**2 + 3*y + 47. Give a(-6).
-7
Let c(x) = -2*x**3 - 13*x**2 + 160*x + 667. Give c(-11).
-4
Let a(u) = -22*u**2 - 2*u. Calculate a(-2).
-84
Let i(s) = -s**2 - 63*s - 116. Give i(-2).
6
Let w(n) = 15*n**2 + 5*n + 1. Determine w(-1).
11
Let c(k) = -349*k - 1. Calculate c(1).
-350
Let o(x) = 21*x**3 + 85*x**2 - 5*x - 7. Calculate o(-4).
29
Let f(i) = -i**3 - 12*i**2 - 21*i + 60. Give f(-9).
6
Let u(q) = 9*q + 357. Calculate u(-43).
-30
Let d(y) = -159*y - 6261. Give d(-39).
-60
Let w(a) = 4*a**3 + 76*a**2 + 173*a - 304. What is w(-16)?
0
Let v(h) = -3*h**3 - 62*h**2 + 16*h - 103. Give v(-21).
2
Let d(v) = 5*v - 74. Calculate d(11).
-19
Let g(z) = -19*z + 101. What is g(4)?
25
Let s(x) = -60*x - 954. Calculate s(-16).
6
Let k(w) = -6*w**3 - 149*w**2 + 16*w - 223. Give k(-25).
2
Let o(f) = 3*f**2 + 138*f + 46. Determine o(-46).
46
Let t(m) = m**3 - 5*m**2 + 72*m - 344. What is t(5)?
16
Let m(p) = -5*p**3 - 3*p**2 - 9*p - 39. Give m(-3).
96
Let f(k) = -4*k**2 - 87*k - 28. Determine f(-21).
35
Let x(g) = 30*g + 347. Calculate x(-11).
17
Let r(s) = -13*s - 181. Calculate r(-8).
-77
Let o(n) = -n**3 - 21*n**2 - 45*n + 735. Determine o(-14).
-7
Let d(k) = 14*k - 297. Calculate d(18).
-45
Let n(s) = -4*s**2 - 16*s + 4. Give n(-4).
4
Let c(o) = 78*o + 384. Determine c(-5).
-6
Let n(q) = -20*q**2 - 285*q + 249. Determine n(-15).
24
Let z(s) = 6*s**2 - 905*s + 589. Determine z(150).
-161
Let u(z) = z**2 - 114*z - 526. Calculate u(0).
-526
Let p(g) = -g**3 + 3*g**2 - 11. Determine p(-2).
9
Let y(j) = j**3 + 7*j**2 + 137*j + 252. Calculate y(-2).
-2
Let a(o) = 1578*o - 28405. Give a(18).
-1
Let a(s) = 614*s + 2474. Calculate a(-4).
18
Let l(j) = 17387*j - 52153. Determine l(3).
8
Let w(l) = l - 147. What is w(15)?
-132
Let w(f) = -f**3 - 4*f**2 + 102*f + 68. Give w(-12).
-4
Let m(x) = 37*x + 27. Give m(-1).
-10
Let o(z) = 3*z**2 + 221*z - 1608. Give o(7).
86
Let t(g) = -12*g + 1189. Determine t(97).
25
Let h(s) = s**2 + 25*s - 210. Determine h(7).
14
Let u(t) = -t**3 + 9*t**2 + 6*t - 14. Determine u(11).
-190
Let y(o) = -o**3 - 64*o**2 - 349*o - 7. Determine y(-58).
51
Let w(j) = j**2 + 37*j - 168. Calculate w(-39).
-90
Let o(i) = -216*i + 18360. Give o(85).
0
Let d(j) = 3*j**3 - 19*j**2 + 70*j - 581. Determine d(7).
7
Let i(l) = -4*l**3 - 67*l**2 + 91*l + 11. What is i(-18)?
-7
Let q(z) = z**3 + 5*z**2 - 3. Calculate q(-1).
1
Let h(d) = 2*d**3 - 68*d**2 - 67*d - 106. Determine h(35).
-1
Let d(a) = 4*a**2 - 25*a - 1021. Calculate d(-13).
-20
Let j(l) = 4*l**2 + 12*l + 36. What is j(-5)?
76
Let z(c) = 91*c + 1045. Determine z(-11).
44
Let u(n) = n**2 - 7*n - 34. Calculate u(10).
-4
Let m(l) = -3*l**3 + 77*l**2 - 381*l + 14. Determine m(19).
-5
Let z(y) = -y**2 - 104*y - 2220. What is z(-30)?
0
Let o(a) = 2*a**3 - 14*a**2 + 3*a - 9. Give o(7).
12
Let r(t) = 3*t - 123. Give r(39).
-6
Let h(x) = x**3 - 212*x**2 + 260*x - 10335. Give h(211).
4
Let v(z) = 2*z**3 + 308*z**2 + 2059*z + 202. Give v(-147).
55
Let r(m) = 3340*m - 16692. Determine r(5).
8
Let m(z) = 4*z**3 + 115*z**2 - 34*z - 134. Determine m(-29).
11
Let v(h) = -131*h**2 + 529*h - 31. Determine v(4).
-11
Let r(w) = -208*w - 19536. Determine r(-94).
16
Let r(x) = x + 54. Give r(18).
72
Let g(w) = 51*w - 8. Determine g(0).
-8
Let f(q) = -5*q**3 + 6*q + 1. Determine f(-3).
118
Let j(i) = 92*i + 1039. Determine j(-18).
-617
Let z(v) = -1120*v - 7886. Give z(-7).
-46
Let y(o) = -3*o**2 + 10*o + 587. Calculate y(-12).
35
Let h(t) = t + 180. Calculate h(7).
187
Let q(z) = -z**3 + 14*z**2 - 21*z - 13. Calculate q(10).
177
Let c(v) = v**3 - 64*v**2 + 2*v - 101. What is c(64)?
27
Let m(o) = -o**3 - 6*o**2 - 40*o - 350. Give m(-7).
-21
Let z(o) = 